991?
207
Calculate the greatest common divisor of 6 and 50838.
6
What is the greatest common factor of 48262 and 1?
1
Calculate the highest common factor of 16428 and 18.
6
What is the greatest common factor of 2716 and 259?
7
Calculate the highest common factor of 30 and 58605.
15
Calculate the highest common factor of 182 and 37037.
91
What is the greatest common divisor of 175 and 7275?
25
Calculate the highest common divisor of 85625 and 27500.
625
Calculate the greatest common factor of 319907 and 391.
23
What is the highest common divisor of 102 and 168453?
51
Calculate the highest common factor of 348120 and 90.
90
Calculate the greatest common divisor of 1546 and 755221.
773
Calculate the greatest common divisor of 12528145 and 1015.
1015
Calculate the highest common divisor of 31960 and 119.
17
Calculate the highest common factor of 65919 and 365.
73
Calculate the greatest common factor of 5300 and 87460.
20
What is the highest common divisor of 40 and 470?
10
Calculate the highest common factor of 927979 and 247.
247
Calculate the highest common factor of 12212 and 497.
71
What is the highest common divisor of 26220 and 15?
15
Calculate the highest common divisor of 69104 and 208.
16
Calculate the greatest common divisor of 5002 and 72406.
82
What is the greatest common factor of 395 and 25?
5
What is the greatest common divisor of 267 and 19046?
89
What is the greatest common factor of 341 and 9858?
31
Calculate the highest common divisor of 51478 and 38.
2
Calculate the greatest common factor of 9 and 253107.
9
What is the greatest common divisor of 224687 and 207?
23
What is the highest common factor of 684 and 330828?
228
What is the greatest common divisor of 250 and 659875?
125
What is the greatest common factor of 47160 and 440?
40
What is the highest common divisor of 2707852 and 2716?
2716
Calculate the greatest common divisor of 17361 and 2187.
27
Calculate the highest common divisor of 925 and 575.
25
What is the highest common factor of 2105 and 40?
5
What is the greatest common divisor of 16301497 and 37?
37
Calculate the highest common factor of 145 and 18475.
5
What is the greatest common divisor of 615 and 3116?
41
Calculate the greatest common divisor of 40 and 280360.
40
Calculate the greatest common factor of 452463 and 33.
33
Calculate the highest common divisor of 8 and 91226.
2
What is the highest common factor of 232 and 53896?
8
What is the greatest common divisor of 28 and 206507?
7
What is the highest common factor of 69 and 70518?
69
What is the greatest common factor of 404650 and 75?
25
Calculate the greatest common divisor of 50523 and 66.
33
Calculate the greatest common factor of 20615 and 248.
31
Calculate the greatest common divisor of 70609 and 88.
11
What is the greatest common divisor of 734400 and 850?
850
Calculate the greatest common divisor of 494 and 2242.
38
What is the greatest common divisor of 285 and 429685?
95
Calculate the highest common factor of 325394 and 38.
38
What is the highest common factor of 12054 and 945?
21
What is the highest common divisor of 8783 and 4?
1
What is the greatest common divisor of 2891 and 112?
7
What is the highest common factor of 733 and 2927602?
733
Calculate the highest common divisor of 31374 and 693.
63
What is the greatest common factor of 3888 and 4968?
216
Calculate the greatest common divisor of 16692 and 6500.
52
What is the greatest common factor of 345 and 1210950?
345
Calculate the greatest common factor of 12663 and 56.
7
What is the highest common divisor of 2352 and 731031?
147
What is the highest common divisor of 111 and 16391?
37
What is the highest common factor of 405 and 1350?
135
Calculate the greatest common factor of 168270 and 11771.
79
Calculate the greatest common divisor of 31264 and 96.
32
What is the greatest common divisor of 106351 and 7?
7
What is the highest common divisor of 55044 and 836?
44
What is the highest common divisor of 100 and 11450?
50
Calculate the greatest common factor of 117 and 999.
9
Calculate the greatest common factor of 642 and 165850.
214
Calculate the greatest common factor of 372 and 456.
12
Calculate the greatest common divisor of 529221 and 77.
77
Calculate the greatest common factor of 30394 and 546.
182
What is the greatest common divisor of 99 and 33594?
33
Calculate the highest common divisor of 64 and 970496.
64
Calculate the highest common factor of 551 and 1691.
19
What is the highest common factor of 13644 and 48?
12
What is the greatest common factor of 204413 and 154?
11
What is the greatest common factor of 5974 and 20600?
206
Calculate the highest common factor of 38260 and 2.
2
What is the greatest common factor of 44319 and 99?
33
Calculate the greatest common divisor of 143316 and 1836.
108
Calculate the highest common factor of 29550 and 6501.
591
Calculate the greatest common divisor of 681626 and 22.
22
What is the greatest common divisor of 4462 and 115?
23
What is the highest common divisor of 38571 and 52923?
897
What is the highest common divisor of 11900 and 221?
17
Calculate the highest common divisor of 4 and 133564.
4
What is the greatest common factor of 30 and 285640?
10
What is the greatest common factor of 513219 and 567?
21
Calculate the highest common factor of 4883 and 11051.
257
What is the highest common divisor of 407259 and 10656?
333
What is the highest common divisor of 5187 and 5928?
741
Calculate the greatest common divisor of 76 and 2210194.
38
Calculate the greatest common divisor of 6570 and 118125.
45
Calculate the greatest common divisor of 373990 and 60.
10
Calculate the highest common divisor of 3606 and 192.
6
What is the highest common divisor of 12765 and 37185?
555
What is the highest common factor of 133 and 11989?
19
What is the highest common divisor of 162786 and 12?
6
Calculate the highest common divisor of 15104 and 767.
59
What is the greatest common factor of 8904 and 5208?
168
Calculate the highest common factor of 1102812 and 1044.
348
What is the highest common factor of 2839 and 124081?
167
What is the greatest common factor of 12000 and 1350?
150
Calculate the greatest common divisor of 2336 and 2482.
146
Calculate the highest common divisor of 872126 and 258.
86
Calculate the highest common divisor of 96682 and 2.
2
Calculate the greatest common divisor of 7170 and 240.
30
What is the greatest common factor of 160 and 115616?
32
What is the highest common divisor of 418 and 198?
22
What is the highest common factor of 967419 and 34?
17
What is the greatest common divisor of 1279978 and 353?
353
Calculate the greatest common divisor of 88 and 144122.
22
Calculate the greatest common factor of 2765 and 474.
79
Calculate the greatest common factor of 113470 and 910.
70
What is the highest common factor of 168 and 81081?
21
What is the greatest common divisor of 638 and 353771?
319
What is the highest common factor of 1794 and 327?
3
What is the greatest common factor of 5175 and 225?
225
Calculate the highest common factor of 12 and 43782.
6
What is the greatest common divisor of 8344 and 12488?
56
Calculate the greatest common factor of 814 and 52503.
407
What is the greatest common divisor of 5360 and 1226770?
670
What is the highest common divisor of 219384 and 22?
22
Calculate the greatest common factor of 227600 and 10.
10
What is the greatest common divisor of 112 and 9996?
28
What is the greatest common factor of 515869 and 1083?
361
Calculate the highest common divisor of 127855 and 910.
455
Calculate the greatest common divisor of 7924 and 2547.
283
What is the greatest common factor of 220824 and 36?
36
What is the greatest common divisor of 420 and 12432?
84
Calculate the highest common divisor of 600 and 688920.
120
What is the greatest common factor of 43508 and 1387?
73
What is the highest common divisor of 21 and 101220?
21
What is the highest common divisor of 6431 and 165898?
109
What is the highest common divisor of 174384 and 196?
28
What is the highest common divisor of 4028 and 9956?
76
What is the greatest common factor of 764102 and 284?
142
Calculate the highest common divisor of 5502 and 1953.
21
What is the greatest common factor of 72 and 2982456?
72
What is the highest common divisor of 44307 and 1843